der when 1700 is divided by 26?
10
What is the remainder when 606 is divided by 38?
36
What is the remainder when 4787 is divided by 9?
8
Calculate the remainder when 236 is divided by 15.
11
Calculate the remainder when 165 is divided by 11.
0
Calculate the remainder when 924 is divided by 52.
40
Calculate the remainder when 3417 is divided by 171.
168
Calculate the remainder when 8252 is divided by 236.
228
What is the remainder when 241 is divided by 43?
26
Calculate the remainder when 39 is divided by 23.
16
What is the remainder when 543 is divided by 42?
39
Calculate the remainder when 136 is divided by 53.
30
What is the remainder when 288 is divided by 87?
27
What is the remainder when 1164 is divided by 386?
6
Calculate the remainder when 201 is divided by 160.
41
Calculate the remainder when 128 is divided by 6.
2
Calculate the remainder when 1055 is divided by 32.
31
What is the remainder when 491 is divided by 9?
5
What is the remainder when 807 is divided by 25?
7
Calculate the remainder when 1966 is divided by 27.
22
What is the remainder when 11749 is divided by 8?
5
Calculate the remainder when 411 is divided by 106.
93
Calculate the remainder when 436 is divided by 30.
16
What is the remainder when 185 is divided by 51?
32
What is the remainder when 206 is divided by 71?
64
Calculate the remainder when 1316 is divided by 24.
20
Calculate the remainder when 42 is divided by 33.
9
What is the remainder when 824 is divided by 94?
72
What is the remainder when 122 is divided by 31?
29
What is the remainder when 1048 is divided by 42?
40
Calculate the remainder when 287 is divided by 37.
28
What is the remainder when 19997 is divided by 20?
17
Calculate the remainder when 25 is divided by 9.
7
What is the remainder when 389 is divided by 76?
9
What is the remainder when 1307 is divided by 37?
12
What is the remainder when 424 is divided by 85?
84
What is the remainder when 204 is divided by 66?
6
What is the remainder when 10896 is divided by 218?
214
What is the remainder when 144 is divided by 53?
38
What is the remainder when 2027 is divided by 12?
11
Calculate the remainder when 61 is divided by 38.
23
Calculate the remainder when 83 is divided by 9.
2
Calculate the remainder when 179 is divided by 60.
59
Calculate the remainder when 101 is divided by 57.
44
Calculate the remainder when 20 is divided by 12.
8
Calculate the remainder when 228 is divided by 131.
97
Calculate the remainder when 31337 is divided by 5.
2
Calculate the remainder when 981 is divided by 55.
46
Calculate the remainder when 1398 is divided by 698.
2
What is the remainder when 122 is divided by 34?
20
What is the remainder when 415 is divided by 108?
91
What is the remainder when 333 is divided by 16?
13
What is the remainder when 3115 is divided by 44?
35
Calculate the remainder when 151 is divided by 52.
47
Calculate the remainder when 162 is divided by 44.
30
What is the remainder when 56 is divided by 9?
2
Calculate the remainder when 1817 is divided by 57.
50
Calculate the remainder when 1098 is divided by 110.
108
Calculate the remainder when 1134 is divided by 34.
12
Calculate the remainder when 31 is divided by 8.
7
What is the remainder when 151 is divided by 40?
31
What is the remainder when 1619 is divided by 65?
59
What is the remainder when 260 is divided by 27?
17
What is the remainder when 19 is divided by 13?
6
Calculate the remainder when 143 is divided by 73.
70
What is the remainder when 566 is divided by 276?
14
Calculate the remainder when 1511 is divided by 76.
67
What is the remainder when 3460 is divided by 218?
190
What is the remainder when 6055 is divided by 26?
23
What is the remainder when 180 is divided by 70?
40
What is the remainder when 741 is divided by 370?
1
Calculate the remainder when 6885 is divided by 28.
25
What is the remainder when 823 is divided by 164?
3
Calculate the remainder when 151 is divided by 28.
11
What is the remainder when 141 is divided by 74?
67
What is the remainder when 27 is divided by 14?
13
What is the remainder when 315 is divided by 82?
69
What is the remainder when 1548 is divided by 42?
36
Calculate the remainder when 883 is divided by 437.
9
Calculate the remainder when 181 is divided by 68.
45
What is the remainder when 1051 is divided by 358?
335
What is the remainder when 384 is divided by 3?
0
Calculate the remainder when 1456 is divided by 146.
142
What is the remainder when 134 is divided by 21?
8
What is the remainder when 980 is divided by 316?
32
Calculate the remainder when 574 is divided by 65.
54
Calculate the remainder when 515 is divided by 101.
10
Calculate the remainder when 9046 is divided by 156.
154
What is the remainder when 310 is divided by 24?
22
What is the remainder when 385 is divided by 192?
1
Calculate the remainder when 1277 is divided by 158.
13
What is the remainder when 586 is divided by 6?
4
Calculate the remainder when 873 is divided by 38.
37
What is the remainder when 3475 is divided by 4?
3
Calculate the remainder when 3716 is divided by 169.
167
What is the remainder when 7180 is divided by 19?
17
What is the remainder when 36 is divided by 6?
0
What is the remainder when 70 is divided by 19?
13
Calculate the remainder when 249 is divided by 16.
9
What is the remainder when 35 is divided by 29?
6
Calculate the remainder when 77920 is divided by 222.
220
Calculate the remainder when 1076 is divided by 177.
14
What is the remainder when 2418 is divided by 10?
8
Calculate the remainder when 33 is divided by 3.
0
What is the remainder when 245 is divided by 31?
28
What is the remainder when 910 is divided by 42?
28
What is the remainder when 67 is divided by 37?
30
What is the remainder when 719 is divided by 38?
35
What is the remainder when 4845 is divided by 19?
0
Calculate the remainder when 16 is divided by 5.
1
What is the remainder when 2694 is divided by 556?
470
Calculate the remainder when 1557 is divided by 260.
257
Calculate the remainder when 279 is divided by 19.
13
Calculate the remainder when 134 is divided by 42.
8
What is the remainder when 11036 is divided by 83?
80
Calculate the remainder when 97 is divided by 22.
9
What is the remainder when 1264 is divided by 208?
16
Calculate the remainder when 1207 is divided by 22.
19
Calculate the remainder when 4397 is divided by 14.
1
Calculate the remainder when 181 is divided by 15.
1
What is the remainder when 47 is divided by 34?
13
What is the remainder when 126 is divided by 43?
40
Calculate the remainder when 2549 is divided by 11.
8
Calculate the remainder when 6807 is divided by 6.
3
Calculate the remainder when 65 is divided by 30.
5
What is the remainder when 103 is divided by 51?
1
What is the remainder when 200 is divided by 9?
2
Calculate the remainder when 111 is divided by 45.
21
Calculate the remainder when 1248 is divided by 622.
4
What is the remainder when 1052 is divided by 73?
30
Calculate the remainder when 151 is divided by 53.
45
What is the remainder when 291 is divided by 79?
54
What is the remainder when 1270 is divided by 116?
110
Calculate the remainder when 86 is divided by 39.
8
Calculate the remainder when 171 is divided by 69.
33
Calculate the remainder when 107 is divided by 15.
2
What is the remainder when 278 is divided by 71?
65
What is the remainder when 129 is divided by 66?
63
Calculate the remainder when 12092 is divided by 12.
8
Calculate the remainder when 246 is divided by 42.
36
Calculate the remainder when 239 is divided by 7.
1
What is the remainder when 146 is divided by 48?
2
Calculate the remainder when 110 is divided by 34.
8
Calculate the remainder when 167 is divided by 51.
14
Calculate the remainder when 59 is divided by 24.
11
Calculate the remainder when 382 is divided by 361.
21
Calculate the remainder when 2470 is divided by 5.
0
Calculate the remainder when 5392 is divided by 76.
72
What is the remainder when 474 is divided by 53?
50
What is the remainder when 176 is divided by 9?
5
Calculate the remainder when 716 is divided by 12.
8
Calculate the remainder when 348 is divided by 89.
81
Calculate the remainder when 13197 is divided by 264.
261
Calculate the remainder when 677 is divided by 228.
221
What is the remainder when 1343